6*j. Suppose 3*z = -2*z + u + 30, -u + 12 = 2*z. Is (z*j)/((-16)/(-376)) a composite number?
True
Suppose 5*o + 67670 - 473417 = 2*z, -2*o - 3*z + 162314 = 0. Is o composite?
True
Let u = -10 - -23. Let q = -11 + u. Is (q - -367) + 4/2 a prime number?
False
Let y(p) = -p**3 - 14*p**2 + 17*p + 33. Let i be y(-15). Suppose -5*m - i = 22, -2*m = 5*d - 2335. Is d a composite number?
True
Let r(s) = -9572*s + 5. Is r(-1) composite?
True
Let j(b) = -19*b - 6 - 20*b + 1 - 35*b. Let y be j(-5). Let c = y - 154. Is c a composite number?
False
Let m = 13 + -16. Is 98/3 + (-1)/m a composite number?
True
Suppose -9*y = -6*y. Let r = 5 - y. Suppose -r*n - 2*h + 704 = 0, -h + 226 = 3*n - 197. Is n a prime number?
False
Suppose -4*o = 19 - 3. Let c be (0 - o) + 311 + -1. Suppose -3*a + 1451 - c = 0. Is a a composite number?
False
Let l(h) = -29*h**3 + 3*h**2 + 6*h + 5. Is l(-3) composite?
False
Let t(u) = 3*u**2 - u - 10. Let v be t(-6). Let p = 153 - v. Is p a prime number?
False
Is (0 + 641)/(-5 + 3 + 3) prime?
True
Let i(s) = -s**2 - 3*s + 1. Let l be i(-2). Let q be 518/3 - (-1)/l. Suppose 5*z - 742 = q. Is z composite?
True
Let j(a) = 27*a**2 + a + 11. Let o = 50 + -45. Is j(o) composite?
False
Suppose -2*w - 145 = -s + 458, 0 = -s - w + 618. Let z = s - 258. Is z composite?
True
Suppose 13161 = 3*i - 2*f, -8776 = -2*i - 0*i + 2*f. Is i prime?
False
Suppose 0 = -2*u - u + 138. Suppose 49*g - 1167 = u*g. Is g a prime number?
True
Let a = 15 + -23. Let y be (-140)/a*(-16)/10. Let r = y + 281. Is r a prime number?
False
Is 381720/(-100)*5/(-2) prime?
False
Let x(b) = -36*b - 4. Let i be x(-4). Suppose 0 = -6*y + 3*y - 63. Let j = y + i. Is j a composite number?
True
Let k be 72/(-20) - 10/25. Is 14856/16 - 2/k a prime number?
True
Let t(x) = -35*x**3 - 3*x**2 + 3*x + 42. Is t(-5) composite?
False
Let g(x) = -285*x - 3. Let d be g(-4). Suppose -4*v - 3*h = 12, -7*v + 4*h + 16 = -6*v. Suppose 3*u - d = -v*u. Is u a composite number?
False
Suppose 24 = 7*k - k. Is (3 - -14)/((k/118)/2) prime?
False
Suppose -s = 4*b + 1394, -4*s = b + b + 5576. Let q = s + 2004. Suppose -c = c - q. Is c composite?
True
Let u be (-70)/(-15) + (-2)/(-6). Suppose 0 = -2*l - 4*n, 12 = u*l - l - 4*n. Suppose l*y + 582 = 2*i, 3*y = 8 - 2. Is i a composite number?
False
Suppose -f + 2*f - 5*n - 659 = 0, 4*n = -5*f + 3150. Suppose 2*l = 5*v - 2*l - 3169, v = l + f. Is v a composite number?
True
Is (6*(-4)/(-144))/((-2)/(-137796)) a prime number?
True
Let c = -16 - -19. Is (1921/c)/((-8)/(-24)) prime?
False
Let v(o) = 86*o**3 - 2*o + 1. Let w be 25/(-35) - (-4)/(-14). Let l be 1/w*(-9 + 8). Is v(l) a composite number?
True
Let l be (-2 - (-2)/1)/(-1). Suppose l = -3*u - 4*u + 3689. Is u a prime number?
False
Suppose 10 = 2*a + w, -5*w + 20 = -4*a + 8*a. Let q = -3 + a. Suppose 0*h - 4*s = q*h - 336, 5*h = 3*s + 905. Is h a composite number?
True
Let x = -7815 + 13060. Is x a prime number?
False
Suppose -219*t = -213*t - 70662. Is t prime?
True
Let z = -1950 + 4608. Suppose -9*k + 3*k + z = 0. Is k composite?
False
Suppose 2*m = -2*y + 169826, -2*y + 169826 = -17*m + 20*m. Is y a prime number?
True
Suppose -10*o + 7*o + 31173 = -2*u, 0 = 2*u. Is o composite?
False
Let c = -1360 - 64. Let k = c - -2511. Is k prime?
True
Suppose -3*n = 4*u - u - 5694, -2*n + u + 3793 = 0. Is n a composite number?
True
Is 0 + -17*(3 + -74) a composite number?
True
Let v(w) = w + 155. Let f(y) = y**2 - y - 2. Let g be f(2). Let i be v(g). Suppose -3*c + 4*c = t - 151, -3*c = -t + i. Is t composite?
False
Suppose 0 = 4*f - p - 26, -5*f + 3*p + 29 = -0*f. Suppose 3*t = -i + 3490, 3*t + 4656 = f*t + 4*i. Is t a prime number?
True
Let k(s) = 21*s**2 - 3*s + 9. Let o be k(5). Let p = 1277 - o. Is p a prime number?
False
Let j = 27 + -23. Let d(x) be the first derivative of x**4/4 + 2*x**3 - 2*x**2 - 2*x + 1. Is d(j) prime?
False
Let u(g) = 36*g**3 - 2*g**2 + 2*g - 2. Let x be u(2). Let c = x + 424. Is c a prime number?
False
Let t(d) = d**3 - 10*d**2 - d + 3. Let z be t(10). Is z/(63/33042)*(-6)/4 prime?
True
Is (7 - 0) + 39/(-13) + 40555 a prime number?
True
Let y(h) = 959*h**3 + 2*h**2 + 3*h + 2. Let x be y(-2). Let v be x/(-15) - 1/5. Suppose -2*n + n + v = 0. Is n a composite number?
True
Suppose 0 = 2*f - 5*n + 3*n - 13552, -2*n = -f + 6773. Is f composite?
False
Let t(j) = j**3 + 2*j + 109. Let f be t(0). Suppose -2*u - 6*h - 139 = -h, 57 = -u - 5*h. Let q = f - u. Is q a prime number?
True
Let d be (2*-1)/(-10 - -9). Suppose 6 + d = -2*i. Let s = 295 + i. Is s composite?
True
Let v(s) = 237*s**2 - s + 49*s**2 + 24*s**2. Let g = 138 + -137. Is v(g) a prime number?
False
Let v = 70 + -68. Suppose -2*k = -3*b - 586, -v*k = b - 6*b - 578. Is k a prime number?
False
Let r(j) = -j**3 - 2*j**2 - 2*j - 3. Let g be r(-2). Let t = 3 - g. Suppose f - t*f - 97 = -3*o, -29 = -o + 2*f. Is o composite?
True
Suppose -205*m + 219*m = 78722. Is m prime?
True
Let a = -396 - -990. Suppose -2*w + 568 = 3*s - 363, 2*s - 4*w - a = 0. Is s a composite number?
False
Let b = -1223 - -4644. Is b composite?
True
Let d = 22299 + -15800. Is d prime?
False
Let p be ((-25)/15 + 2)*723. Let r = p + -50. Is r prime?
True
Let n(u) = -1. Let f(o) = -o**2 - o + 74. Let r(a) = f(a) + 5*n(a). Let s(k) = k**3 - 15*k**2 + 14*k. Let d be s(14). Is r(d) a composite number?
True
Let n(i) be the first derivative of i**2/2 - 6*i + 3. Let r be n(11). Let w(q) = -q**3 + 8*q**2 + 3*q - 3. Is w(r) prime?
False
Let m be ((-3)/2)/(21/28). Let j(a) = 78*a**2 - 4*a - 1. Is j(m) a prime number?
False
Suppose 7*v - 12*v = -280. Is 9/5*3343 + v/(-140) composite?
True
Suppose -32*n - 34002 = -3*g - 33*n, n + 56662 = 5*g. Is g composite?
True
Suppose 5*p + 66 = 2*i, 21 + 6 = -3*p - 3*i. Let k = p - -15. Suppose -w - c = k*c - 89, -4*w + 356 = -2*c. Is w composite?
False
Let o = 5206 - -1315. Is o prime?
True
Suppose -16 = -3*j + 2. Suppose -2*u = p - 312 - 1225, 0 = 2*u - j. Suppose 4*l = -111 + p. Is l prime?
False
Suppose 5*x + 45883 = 23*t - 19*t, 4*x = -3*t + 34389. Is t prime?
True
Let o(y) = -4*y**3 + 10*y**2 - 9*y - 3. Let i(p) = 3*p**3 - 10*p**2 + 9*p + 2. Let l(n) = 5*i(n) + 4*o(n). Is l(-12) composite?
True
Suppose 4*n - 2*h - 6 = 0, 3*h = 3*n + 2*h - 7. Suppose 948 = -n*y + 10*y. Is y composite?
True
Let s = -8 - -8. Suppose -c + 5*k + 167 = s, c + 2*k = -3*c + 646. Let g = c + -105. Is g a composite number?
True
Suppose -37*v = -39*v + 826. Is v composite?
True
Is (-193506)/(-24) + (-2)/(-8) prime?
False
Suppose 6*o = -20106 + 50568. Is o a composite number?
False
Is (-4)/(-30) - (-6 - (-2411332)/(-60)) a composite number?
True
Let q(y) = -y**3 - 9*y**2 - y - 14. Let z be q(-9). Let r be ((-772)/z)/((-14)/(-35)). Suppose -c = -131 - r. Is c composite?
True
Let q(a) = 1605*a - 5. Let s be q(1). Let g = -429 + s. Is g prime?
True
Is (-5)/(-6) - ((-277322)/12 + 10) a prime number?
False
Let s = -22246 - -48867. Is s a prime number?
False
Let n be 1/(-3)*(-8 - -23). Let l be (-233)/(-5) + (-2)/n. Is l - (3 + -2)*0 composite?
False
Let d(f) = 2*f - 7. Let q be d(25). Suppose 7*y - q = 3310. Is y a composite number?
False
Let v(j) = -33*j - 24 + 24 + 13. Is v(-2) prime?
True
Suppose 4*c = u + 47 + 112, u - 41 = -c. Suppose 37*y - c*y = -867. Is y composite?
True
Let i(y) = -124*y + 35. Is i(-11) composite?
False
Let p = -18721 - -29878. Is p composite?
True
Let z be (-2860)/(-2)*(5 + -4). Let v = 903 + z. Is v prime?
True
Let y(p) = 4 - 4*p - 3 + 4*p - 12*p - 18*p**3 - 6*p**2. Is y(-5) a composite number?
False
Let p = -18 + 28. Let d(n) = 43*n - 57. Is d(p) a prime number?
True
Let l = -6 + -2. Let b = 11 + l. Suppose 1181 = 3*j - 4*f - 144, 4*j - b*f = 1769. Is j composite?
False
Let p(i) = -29*i - 12 + 19 - 19. Let f be p(-7). Suppose f = -4*d + 5*d. Is d prime?
True
Let k = 1341 + 502. Is k composite?
True
Let f(y) = y**2 - 25*y + 45641. Is f(0) prime?
True
Suppose 7*y - 30 - 26 = 0. Suppose y*t - 6537 = 5*t. Is t a prime number?
True
Suppose -8 = 4*y - 4*k, -4*y + 6 - 14 = k. Is (-25983)/(-36) + y/((-8)/(-3)) composite?
True
Suppose -6 = 3*n, 3*x - 1083 = n + 356. Is x a prime number?
True
Let l = -12 + 15. Suppose -334 = -m + k - l*k, m - k = 319. Let c = m + -203. Is c a prime number?
False
Suppose -b = -2*b + 7. Let i(j) = -16*j - 2. Let z be i